{"id":120,"date":"2018-09-05T15:15:12","date_gmt":"2018-09-05T13:15:12","guid":{"rendered":"http:\/\/harasdumille.com\/harasdumille.com\/WP\/?page_id=120"},"modified":"2021-01-04T10:20:57","modified_gmt":"2021-01-04T09:20:57","slug":"team-hdm","status":"publish","type":"page","link":"https:\/\/harasdumille.com\/index.php\/team-hdm\/","title":{"rendered":"L&rsquo;\u00e9quipe Haras du Mille"},"content":{"rendered":"<h2>AURELIE GAUTHIER MILLET<\/h2>\n<p><img loading=\"lazy\" class=\"size-medium wp-image-222 alignleft\" src=\"http:\/\/harasdumille.com\/harasdumille.com\/WP\/wp-content\/uploads\/2018\/09\/aurelie-229x300.png\" alt=\"\" width=\"229\" height=\"300\" \/>Propri\u00e9taire et g\u00e9rante du Haras du Mille, \u00a0Aur\u00e9lie est diplom\u00e9e du BEES 1er degr\u00e9 depuis 16 ans et elle performe sur le Circuit PRO avec des r\u00e9sultats et victoires sur les GP PRO 2 . Elle enseigne aux comp\u00e9titeurs et propri\u00e9taires de l&rsquo;\u00e9curie.<\/p>\n<p>Elle a toujours eu la passion du cheval et de l&rsquo;\u00e9quitation. Faire de la comp\u00e9tition et enseigner a toujours \u00e9tait un objectif pour elle et c&rsquo;est tout naturellement qu&rsquo;elle s&rsquo;est lanc\u00e9e dans la carri\u00e8re d&rsquo;enseignante.<\/p>\n<p>Apr\u00e8s plusieurs ann\u00e9es de formation et d&rsquo;enseignement dans les clubs alsaciens les plus importants, elle a \u00e9t\u00e9 rattrap\u00e9e par sa passion pour la pratique du CSO en comp\u00e9tition: de l\u00e0 est n\u00e9 le Haras Du Mille.<\/p>\n<p>Depuis des ann\u00e9es sp\u00e9cialis\u00e9e dans la formation des jeunes chevaux et ayant obtenu avec eux d&rsquo;excellents r\u00e9sultats et notament des classements lors des finales de Fontainbleau, elle se r\u00e9oriente depuis 2014 vers la comp\u00e9tition plus classique sur le circuit professionnel autant national qu&rsquo;international. Ses excellents r\u00e9sultats obtenus ces derni\u00e8res ann\u00e9es a encourag\u00e9 le Haras du Mille \u00e0 investir dans de nouveaux chevaux de comp\u00e9tition qui permettent \u00e0 Aur\u00e9lie d&rsquo;\u00eatre encore plus performante.<\/p>\n<p>Parall\u00e8lement, Aur\u00e9lie est r\u00e9put\u00e9e \u00eatre une coach tr\u00e8s comp\u00e9tente. Ses nombreux \u00e9l\u00e8ves brillent sur les terrains de concours, remportant de nombreuses victoires au niveau club et amateur.<\/p>\n<p>Sa connaissance du cheval, de l&rsquo;\u00e9quitation et sa technicit\u00e9 permettent aux cavaliers comp\u00e9titeurs et leurs chevaux de progresser rapidement et de remporter des victoires. D\u00e9j\u00e0 de nombreux cavaliers form\u00e9s par Aur\u00e9lie gagnent en \u00e9preuves club, amateur et Pro en CSo.<\/p>\n<p style=\"text-align: center;\">En 2015 deux titres remport\u00e9s par des \u00e9l\u00e8ves :<\/p>\n<p style=\"text-align: center;\">\u00ab\u00a0Champion departemental en club 1\u00a0\u00bb &amp; \u00ab\u00a0Champion du grand regionnal amateur 2\u00a0\u00bb<\/p>\n<p style=\"text-align: center;\">\u00ab\u00a0Voir mes cavaliers progresser et gagner est en soi ma plus belle victoire .\u00a0\u00bb<\/p>\n<h2>FRANCOIS MILLET<\/h2>\n<p><img loading=\"lazy\" class=\"size-medium wp-image-221 alignleft\" src=\"http:\/\/harasdumille.com\/harasdumille.com\/WP\/wp-content\/uploads\/2018\/09\/francois-300x201.png\" alt=\"\" width=\"300\" height=\"201\" srcset=\"https:\/\/harasdumille.com\/wp-content\/uploads\/2018\/09\/francois-300x201.png 300w, https:\/\/harasdumille.com\/wp-content\/uploads\/2018\/09\/francois-768x514.png 768w, https:\/\/harasdumille.com\/wp-content\/uploads\/2018\/09\/francois.png 960w\" sizes=\"(max-width: 300px) 100vw, 300px\" \/>Fran\u00e7ois Millet est cavalier depuis l&rsquo;\u00e2ge de 4 ans. Diplom\u00e9 d&rsquo;une \u00e9cole de commerce, il a d\u00e9but\u00e9 sa carri\u00e8re au sein d&rsquo;une grande enseigne de distribution d&rsquo;articles de Sport en tant que responsable de rayon. Rattrap\u00e9 par sa passion et celle de son \u00e9pouse, Aur\u00e9lie Gauthier Millet, il s&rsquo;est lanc\u00e9 dans l&rsquo;aventure du Haras Du Mille.<\/p>\n<p>Horse balleurs durant de nombreuses ayant \u00e9volu\u00e9 jusqu&rsquo;au niveau Amateur Elite, il fut \u00e9galement entraineur dans cette discipline mettant \u00ab\u00a0la main sur le ballon\u00a0\u00bb \u00e0 de nombreux joueurs dont l&rsquo;un d&rsquo;entre eux fait parti actuellement des meilleurs joueurs du monde.<\/p>\n<p>D\u00e9sormais il \u00e9volue pour le plaisir en CSO au niveau amateur, et compte un certain nombre de classements et victoires dont celle du grand r\u00e9gional 2015.<\/p>\n<p>Au sein du Haras du Mille, Fran\u00e7ois s&rsquo;occupe de la partie administrative, du d\u00e9veloppement commercial, de la comptabilit\u00e9, et de l&rsquo;accueil des clients. Il assure \u00e9galement l&rsquo;entretien technique de la structure.<\/p>\n<h3 style=\"text-align: center;\">Contactez-nous par <a href=\"http:\/\/harasdumille.com\/harasdumille.com\/WP\/index.php\/contact\/\">mail<\/a> ou par <a href=\"http:\/\/harasdumille.com\/harasdumille.com\/WP\/index.php\/contact\/\">t\u00e9l\u00e9phone<\/a>.<\/h3>\n<h3 style=\"text-align: center;\">Suivez-nous sur notre <a href=\"https:\/\/www.facebook.com\/HDM67350\/\">page Facebook<\/a>.<\/h3>\n","protected":false},"excerpt":{"rendered":"<p>AURELIE GAUTHIER MILLET Propri\u00e9taire et g\u00e9rante du Haras du Mille, \u00a0Aur\u00e9lie est diplom\u00e9e du BEES 1er degr\u00e9 depuis 16 ans et elle performe sur le Circuit PRO avec des r\u00e9sultats et victoires sur les GP PRO 2 . Elle enseigne aux comp\u00e9titeurs et propri\u00e9taires de l&rsquo;\u00e9curie. Elle a toujours eu<a href=\"https:\/\/harasdumille.com\/index.php\/team-hdm\/\" class=\"read-more\">Read More<\/a><\/p>\n","protected":false},"author":1,"featured_media":125,"parent":0,"menu_order":0,"comment_status":"closed","ping_status":"closed","template":"","meta":[],"yoast_head":"<!-- This site is optimized with the Yoast SEO plugin v17.0 - https:\/\/yoast.com\/wordpress\/plugins\/seo\/ -->\n<title>L&#039;\u00e9quipe Haras du Mille - Haras du Mille Centre \u00e9questre<\/title>\n<meta name=\"robots\" content=\"index, follow, max-snippet:-1, max-image-preview:large, max-video-preview:-1\" \/>\n<link rel=\"canonical\" href=\"http:\/\/harasdumille.com\/index.php\/team-hdm\/\" \/>\n<meta property=\"og:locale\" content=\"fr_FR\" \/>\n<meta property=\"og:type\" content=\"article\" \/>\n<meta property=\"og:title\" content=\"L&#039;\u00e9quipe Haras du Mille - Haras du Mille Centre \u00e9questre\" \/>\n<meta property=\"og:description\" content=\"AURELIE GAUTHIER MILLET Propri\u00e9taire et g\u00e9rante du Haras du Mille, \u00a0Aur\u00e9lie est diplom\u00e9e du BEES 1er degr\u00e9 depuis 16 ans et elle performe sur le Circuit PRO avec des r\u00e9sultats et victoires sur les GP PRO 2 . Elle enseigne aux comp\u00e9titeurs et propri\u00e9taires de l&rsquo;\u00e9curie. Elle a toujours euRead More\" \/>\n<meta property=\"og:url\" content=\"http:\/\/harasdumille.com\/index.php\/team-hdm\/\" \/>\n<meta property=\"og:site_name\" content=\"Haras du Mille Centre \u00e9questre\" \/>\n<meta property=\"article:modified_time\" content=\"2021-01-04T09:20:57+00:00\" \/>\n<meta property=\"og:image\" content=\"http:\/\/harasdumille.com\/wp-content\/uploads\/2018\/08\/CARRIERE-EXTERIEURE-HDM.jpg\" \/>\n\t<meta property=\"og:image:width\" content=\"2048\" \/>\n\t<meta property=\"og:image:height\" content=\"1152\" \/>\n<meta name=\"twitter:card\" content=\"summary_large_image\" \/>\n<meta name=\"twitter:label1\" content=\"Dur\u00e9e de lecture est.\" \/>\n\t<meta name=\"twitter:data1\" content=\"2 minutes\" \/>\n<script type=\"application\/ld+json\" class=\"yoast-schema-graph\">{\"@context\":\"https:\/\/schema.org\",\"@graph\":[{\"@type\":\"WebSite\",\"@id\":\"https:\/\/harasdumille.com\/#website\",\"url\":\"https:\/\/harasdumille.com\/\",\"name\":\"Haras du Mille Centre \\u00e9questre\",\"description\":\"\",\"potentialAction\":[{\"@type\":\"SearchAction\",\"target\":{\"@type\":\"EntryPoint\",\"urlTemplate\":\"https:\/\/harasdumille.com\/?s={search_term_string}\"},\"query-input\":\"required name=search_term_string\"}],\"inLanguage\":\"fr-FR\"},{\"@type\":\"ImageObject\",\"@id\":\"http:\/\/harasdumille.com\/index.php\/team-hdm\/#primaryimage\",\"inLanguage\":\"fr-FR\",\"url\":\"https:\/\/harasdumille.com\/wp-content\/uploads\/2018\/08\/CARRIERE-EXTERIEURE-HDM.jpg\",\"contentUrl\":\"https:\/\/harasdumille.com\/wp-content\/uploads\/2018\/08\/CARRIERE-EXTERIEURE-HDM.jpg\",\"width\":2048,\"height\":1152,\"caption\":\"Centre Equestre Haras du Mille Poney Club\"},{\"@type\":\"WebPage\",\"@id\":\"http:\/\/harasdumille.com\/index.php\/team-hdm\/#webpage\",\"url\":\"http:\/\/harasdumille.com\/index.php\/team-hdm\/\",\"name\":\"L'\\u00e9quipe Haras du Mille - Haras du Mille Centre \\u00e9questre\",\"isPartOf\":{\"@id\":\"https:\/\/harasdumille.com\/#website\"},\"primaryImageOfPage\":{\"@id\":\"http:\/\/harasdumille.com\/index.php\/team-hdm\/#primaryimage\"},\"datePublished\":\"2018-09-05T13:15:12+00:00\",\"dateModified\":\"2021-01-04T09:20:57+00:00\",\"breadcrumb\":{\"@id\":\"http:\/\/harasdumille.com\/index.php\/team-hdm\/#breadcrumb\"},\"inLanguage\":\"fr-FR\",\"potentialAction\":[{\"@type\":\"ReadAction\",\"target\":[\"http:\/\/harasdumille.com\/index.php\/team-hdm\/\"]}]},{\"@type\":\"BreadcrumbList\",\"@id\":\"http:\/\/harasdumille.com\/index.php\/team-hdm\/#breadcrumb\",\"itemListElement\":[{\"@type\":\"ListItem\",\"position\":1,\"name\":\"Accueil\",\"item\":\"https:\/\/harasdumille.com\/\"},{\"@type\":\"ListItem\",\"position\":2,\"name\":\"L&rsquo;\\u00e9quipe Haras du Mille\"}]}]}<\/script>\n<!-- \/ Yoast SEO plugin. -->","yoast_head_json":{"title":"L'\u00e9quipe Haras du Mille - Haras du Mille Centre \u00e9questre","robots":{"index":"index","follow":"follow","max-snippet":"max-snippet:-1","max-image-preview":"max-image-preview:large","max-video-preview":"max-video-preview:-1"},"canonical":"http:\/\/harasdumille.com\/index.php\/team-hdm\/","og_locale":"fr_FR","og_type":"article","og_title":"L'\u00e9quipe Haras du Mille - Haras du Mille Centre \u00e9questre","og_description":"AURELIE GAUTHIER MILLET Propri\u00e9taire et g\u00e9rante du Haras du Mille, \u00a0Aur\u00e9lie est diplom\u00e9e du BEES 1er degr\u00e9 depuis 16 ans et elle performe sur le Circuit PRO avec des r\u00e9sultats et victoires sur les GP PRO 2 . Elle enseigne aux comp\u00e9titeurs et propri\u00e9taires de l&rsquo;\u00e9curie. Elle a toujours euRead More","og_url":"http:\/\/harasdumille.com\/index.php\/team-hdm\/","og_site_name":"Haras du Mille Centre \u00e9questre","article_modified_time":"2021-01-04T09:20:57+00:00","og_image":[{"width":2048,"height":1152,"url":"http:\/\/harasdumille.com\/wp-content\/uploads\/2018\/08\/CARRIERE-EXTERIEURE-HDM.jpg","path":"\/home\/harasdum\/www\/wp-content\/uploads\/2018\/08\/CARRIERE-EXTERIEURE-HDM.jpg","size":"full","id":125,"alt":"Centre Equestre Haras du Mille Poney Club","pixels":2359296,"type":"image\/jpeg"}],"twitter_card":"summary_large_image","twitter_misc":{"Dur\u00e9e de lecture est.":"2 minutes"},"schema":{"@context":"https:\/\/schema.org","@graph":[{"@type":"WebSite","@id":"https:\/\/harasdumille.com\/#website","url":"https:\/\/harasdumille.com\/","name":"Haras du Mille Centre \u00e9questre","description":"","potentialAction":[{"@type":"SearchAction","target":{"@type":"EntryPoint","urlTemplate":"https:\/\/harasdumille.com\/?s={search_term_string}"},"query-input":"required name=search_term_string"}],"inLanguage":"fr-FR"},{"@type":"ImageObject","@id":"http:\/\/harasdumille.com\/index.php\/team-hdm\/#primaryimage","inLanguage":"fr-FR","url":"https:\/\/harasdumille.com\/wp-content\/uploads\/2018\/08\/CARRIERE-EXTERIEURE-HDM.jpg","contentUrl":"https:\/\/harasdumille.com\/wp-content\/uploads\/2018\/08\/CARRIERE-EXTERIEURE-HDM.jpg","width":2048,"height":1152,"caption":"Centre Equestre Haras du Mille Poney Club"},{"@type":"WebPage","@id":"http:\/\/harasdumille.com\/index.php\/team-hdm\/#webpage","url":"http:\/\/harasdumille.com\/index.php\/team-hdm\/","name":"L'\u00e9quipe Haras du Mille - Haras du Mille Centre \u00e9questre","isPartOf":{"@id":"https:\/\/harasdumille.com\/#website"},"primaryImageOfPage":{"@id":"http:\/\/harasdumille.com\/index.php\/team-hdm\/#primaryimage"},"datePublished":"2018-09-05T13:15:12+00:00","dateModified":"2021-01-04T09:20:57+00:00","breadcrumb":{"@id":"http:\/\/harasdumille.com\/index.php\/team-hdm\/#breadcrumb"},"inLanguage":"fr-FR","potentialAction":[{"@type":"ReadAction","target":["http:\/\/harasdumille.com\/index.php\/team-hdm\/"]}]},{"@type":"BreadcrumbList","@id":"http:\/\/harasdumille.com\/index.php\/team-hdm\/#breadcrumb","itemListElement":[{"@type":"ListItem","position":1,"name":"Accueil","item":"https:\/\/harasdumille.com\/"},{"@type":"ListItem","position":2,"name":"L&rsquo;\u00e9quipe Haras du Mille"}]}]}},"_links":{"self":[{"href":"https:\/\/harasdumille.com\/index.php\/wp-json\/wp\/v2\/pages\/120"}],"collection":[{"href":"https:\/\/harasdumille.com\/index.php\/wp-json\/wp\/v2\/pages"}],"about":[{"href":"https:\/\/harasdumille.com\/index.php\/wp-json\/wp\/v2\/types\/page"}],"author":[{"embeddable":true,"href":"https:\/\/harasdumille.com\/index.php\/wp-json\/wp\/v2\/users\/1"}],"replies":[{"embeddable":true,"href":"https:\/\/harasdumille.com\/index.php\/wp-json\/wp\/v2\/comments?post=120"}],"version-history":[{"count":7,"href":"https:\/\/harasdumille.com\/index.php\/wp-json\/wp\/v2\/pages\/120\/revisions"}],"predecessor-version":[{"id":459,"href":"https:\/\/harasdumille.com\/index.php\/wp-json\/wp\/v2\/pages\/120\/revisions\/459"}],"wp:featuredmedia":[{"embeddable":true,"href":"https:\/\/harasdumille.com\/index.php\/wp-json\/wp\/v2\/media\/125"}],"wp:attachment":[{"href":"https:\/\/harasdumille.com\/index.php\/wp-json\/wp\/v2\/media?parent=120"}],"curies":[{"name":"wp","href":"https:\/\/api.w.org\/{rel}","templated":true}]}}

L&rsquo;équipe Haras du Mille

<h2>AURELIE GAUTHIER MILLET</h2>
<p><img loading="lazy" class="size-medium wp-image-222 alignleft" src="http://harasdumille.com/harasdumille.com/WP/wp-content/uploads/2018/09/aurelie-229x300.png" alt="" width="229" height="300" />Propriétaire et gérante du Haras du Mille,  Aurélie est diplomée du BEES 1er degré depuis 16 ans et elle performe sur le Circuit PRO avec des résultats et victoires sur les GP PRO 2 . Elle enseigne aux compétiteurs et propriétaires de l&rsquo;écurie.</p>
<p>Elle a toujours eu la passion du cheval et de l&rsquo;équitation. Faire de la compétition et enseigner a toujours était un objectif pour elle et c&rsquo;est tout naturellement qu&rsquo;elle s&rsquo;est lancée dans la carrière d&rsquo;enseignante.</p>
<p>Après plusieurs années de formation et d&rsquo;enseignement dans les clubs alsaciens les plus importants, elle a été rattrapée par sa passion pour la pratique du CSO en compétition: de là est né le Haras Du Mille.</p>
<p>Depuis des années spécialisée dans la formation des jeunes chevaux et ayant obtenu avec eux d&rsquo;excellents résultats et notament des classements lors des finales de Fontainbleau, elle se réoriente depuis 2014 vers la compétition plus classique sur le circuit professionnel autant national qu&rsquo;international. Ses excellents résultats obtenus ces dernières années a encouragé le Haras du Mille à investir dans de nouveaux chevaux de compétition qui permettent à Aurélie d&rsquo;être encore plus performante.</p>
<p>Parallèlement, Aurélie est réputée être une coach très compétente. Ses nombreux élèves brillent sur les terrains de concours, remportant de nombreuses victoires au niveau club et amateur.</p>
<p>Sa connaissance du cheval, de l&rsquo;équitation et sa technicité permettent aux cavaliers compétiteurs et leurs chevaux de progresser rapidement et de remporter des victoires. Déjà de nombreux cavaliers formés par Aurélie gagnent en épreuves club, amateur et Pro en CSo.</p>
<p style="text-align: center;">En 2015 deux titres remportés par des élèves :</p>
<p style="text-align: center;">« Champion departemental en club 1 » &amp; « Champion du grand regionnal amateur 2 »</p>
<p style="text-align: center;">« Voir mes cavaliers progresser et gagner est en soi ma plus belle victoire . »</p>
<h2>FRANCOIS MILLET</h2>
<p><img loading="lazy" class="size-medium wp-image-221 alignleft" src="http://harasdumille.com/harasdumille.com/WP/wp-content/uploads/2018/09/francois-300x201.png" alt="" width="300" height="201" srcset="https://harasdumille.com/wp-content/uploads/2018/09/francois-300x201.png 300w, https://harasdumille.com/wp-content/uploads/2018/09/francois-768x514.png 768w, https://harasdumille.com/wp-content/uploads/2018/09/francois.png 960w" sizes="(max-width: 300px) 100vw, 300px" />François Millet est cavalier depuis l&rsquo;âge de 4 ans. Diplomé d&rsquo;une école de commerce, il a débuté sa carrière au sein d&rsquo;une grande enseigne de distribution d&rsquo;articles de Sport en tant que responsable de rayon. Rattrapé par sa passion et celle de son épouse, Aurélie Gauthier Millet, il s&rsquo;est lancé dans l&rsquo;aventure du Haras Du Mille.</p>
<p>Horse balleurs durant de nombreuses ayant évolué jusqu&rsquo;au niveau Amateur Elite, il fut également entraineur dans cette discipline mettant « la main sur le ballon » à de nombreux joueurs dont l&rsquo;un d&rsquo;entre eux fait parti actuellement des meilleurs joueurs du monde.</p>
<p>Désormais il évolue pour le plaisir en CSO au niveau amateur, et compte un certain nombre de classements et victoires dont celle du grand régional 2015.</p>
<p>Au sein du Haras du Mille, François s&rsquo;occupe de la partie administrative, du développement commercial, de la comptabilité, et de l&rsquo;accueil des clients. Il assure également l&rsquo;entretien technique de la structure.</p>
<h3 style="text-align: center;">Contactez-nous par <a href="http://harasdumille.com/harasdumille.com/WP/index.php/contact/">mail</a> ou par <a href="http://harasdumille.com/harasdumille.com/WP/index.php/contact/">téléphone</a>.</h3>
<h3 style="text-align: center;">Suivez-nous sur notre <a href="https://www.facebook.com/HDM67350/">page Facebook</a>.</h3>

<p>AURELIE GAUTHIER MILLET Propriétaire et gérante du Haras du Mille,  Aurélie est diplomée du BEES 1er degré depuis 16 ans et elle performe sur le Circuit PRO avec des résultats et victoires sur les GP PRO 2 . Elle enseigne aux compétiteurs et propriétaires de l&rsquo;écurie. Elle a toujours eu<a href="https://harasdumille.com/index.php/team-hdm/" class="read-more">Read More</a></p>

<!-- This site is optimized with the Yoast SEO plugin v17.0 - https://yoast.com/wordpress/plugins/seo/ -->
<title>L&#039;équipe Haras du Mille - Haras du Mille Centre équestre</title>
<meta name="robots" content="index, follow, max-snippet:-1, max-image-preview:large, max-video-preview:-1" />
<link rel="canonical" href="http://harasdumille.com/index.php/team-hdm/" />
<meta property="og:locale" content="fr_FR" />
<meta property="og:type" content="article" />
<meta property="og:title" content="L&#039;équipe Haras du Mille - Haras du Mille Centre équestre" />
<meta property="og:description" content="AURELIE GAUTHIER MILLET Propriétaire et gérante du Haras du Mille,  Aurélie est diplomée du BEES 1er degré depuis 16 ans et elle performe sur le Circuit PRO avec des résultats et victoires sur les GP PRO 2 . Elle enseigne aux compétiteurs et propriétaires de l&rsquo;écurie. Elle a toujours euRead More" />
<meta property="og:url" content="http://harasdumille.com/index.php/team-hdm/" />
<meta property="og:site_name" content="Haras du Mille Centre équestre" />
<meta property="article:modified_time" content="2021-01-04T09:20:57+00:00" />
<meta property="og:image" content="http://harasdumille.com/wp-content/uploads/2018/08/CARRIERE-EXTERIEURE-HDM.jpg" />
	<meta property="og:image:width" content="2048" />
	<meta property="og:image:height" content="1152" />
<meta name="twitter:card" content="summary_large_image" />
<meta name="twitter:label1" content="Durée de lecture est." />
	<meta name="twitter:data1" content="2 minutes" />
<script type="application/ld+json" class="yoast-schema-graph">{"@context":"https://schema.org","@graph":[{"@type":"WebSite","@id":"https://harasdumille.com/#website","url":"https://harasdumille.com/","name":"Haras du Mille Centre \u00e9questre","description":"","potentialAction":[{"@type":"SearchAction","target":{"@type":"EntryPoint","urlTemplate":"https://harasdumille.com/?s={search_term_string}"},"query-input":"required name=search_term_string"}],"inLanguage":"fr-FR"},{"@type":"ImageObject","@id":"http://harasdumille.com/index.php/team-hdm/#primaryimage","inLanguage":"fr-FR","url":"https://harasdumille.com/wp-content/uploads/2018/08/CARRIERE-EXTERIEURE-HDM.jpg","contentUrl":"https://harasdumille.com/wp-content/uploads/2018/08/CARRIERE-EXTERIEURE-HDM.jpg","width":2048,"height":1152,"caption":"Centre Equestre Haras du Mille Poney Club"},{"@type":"WebPage","@id":"http://harasdumille.com/index.php/team-hdm/#webpage","url":"http://harasdumille.com/index.php/team-hdm/","name":"L'\u00e9quipe Haras du Mille - Haras du Mille Centre \u00e9questre","isPartOf":{"@id":"https://harasdumille.com/#website"},"primaryImageOfPage":{"@id":"http://harasdumille.com/index.php/team-hdm/#primaryimage"},"datePublished":"2018-09-05T13:15:12+00:00","dateModified":"2021-01-04T09:20:57+00:00","breadcrumb":{"@id":"http://harasdumille.com/index.php/team-hdm/#breadcrumb"},"inLanguage":"fr-FR","potentialAction":[{"@type":"ReadAction","target":["http://harasdumille.com/index.php/team-hdm/"]}]},{"@type":"BreadcrumbList","@id":"http://harasdumille.com/index.php/team-hdm/#breadcrumb","itemListElement":[{"@type":"ListItem","position":1,"name":"Accueil","item":"https://harasdumille.com/"},{"@type":"ListItem","position":2,"name":"L&rsquo;\u00e9quipe Haras du Mille"}]}]}</script>
<!-- / Yoast SEO plugin. -->

L'équipe Haras du Mille - Haras du Mille Centre équestre

AURELIE GAUTHIER MILLET Propriétaire et gérante du Haras du Mille,  Aurélie est diplomée du BEES 1er degré depuis 16 ans et elle performe sur le Circuit PRO avec des résultats et victoires sur les GP PRO 2 . Elle enseigne aux compétiteurs et propriétaires de l&rsquo;écurie. Elle a toujours euRead More

Haras du Mille Centre équestre
