{"id":122,"date":"2018-09-05T15:15:12","date_gmt":"2018-09-05T13:15:12","guid":{"rendered":"http:\/\/harasdumille.com\/harasdumille.com\/WP\/?page_id=122"},"modified":"2024-09-11T15:29:06","modified_gmt":"2024-09-11T13:29:06","slug":"stages-equestres-ecole-equitation","status":"publish","type":"page","link":"https:\/\/harasdumille.com\/index.php\/stages-equestres-ecole-equitation\/","title":{"rendered":"Stages \u00e9questres"},"content":{"rendered":"<div class=\"page\" title=\"Page 1\">\n<div class=\"layoutArea\">\n<h2 class=\"column\">PROGRAMME DES STAGES \u00c9QUESTRES dans votre club d&rsquo;\u00e9quitation Haras du Mille<\/h2>\n<p>Le centre \u00e9questre Haras du Mille vous proposer des stages \u00e9questres tout au long de l&rsquo;ann\u00e9e, pendant les vacances scolaires.<\/p>\n<p>Pour toutes informations compl\u00e9mentaires ou inscriptions vous pouvez contacter Haras du Mille :<\/p>\n<p>06 83 84 05 76 &#8211;\u00a0<a href=\"mailto:contact@harasdumille.com\">contact@harasdumille.com<\/a><\/p>\n<h3><strong>PROGRAMME DES ACTIVIT\u00c9S ET des STAGES \u00c9QUESTRES 2022<\/strong> dans votre centre \u00e9questre Haras du Mille \u00e0 Pfaffenhoffen :<\/h3>\n<div class=\"page\" title=\"Page 1\">\n<div class=\"layoutArea\">\n<div class=\"column\">\n<div class=\"layoutArea\">\n<div class=\"column\">\n<div class=\"page\" title=\"Page 1\">\n<div class=\"layoutArea\">\n<div class=\"page\" title=\"Page 1\">\n<div class=\"layoutArea\">\n<div class=\"page\" title=\"Page 1\">\n<div class=\"layoutArea\">\n<div class=\"column\">\n<ul>\n<li><span style=\"font-weight: 600;\"><u>Retrouvez le planning de nos stages et activit\u00e9s directement sur <a href=\"http:\/\/haras-du-mille.cavasoft.fr\">CAVASOFT<\/a><\/u><\/span><\/li>\n<\/ul>\n<div class=\"page\" title=\"Page 1\">\n<div class=\"layoutArea\">\n<div class=\"column\">\n<div class=\"page\" title=\"Page 1\">\n<div class=\"layoutArea\">\n<div class=\"column\">\n<h3><span style=\"font-size: revert; color: initial;\">Stages \u00e9questres cet \u00e9t\u00e9 dans votre club d&rsquo;\u00e9quitation \u00e0 Pfaffenhoffen, accessibles \u00e0 partir de 5 ans.\u00a0<\/span><\/h3>\n<div class=\"page\" title=\"Page 1\">\n<div class=\"layoutArea\">\n<div class=\"column\">\n<div class=\"layoutArea\">\n<div class=\"column\">\n<div class=\"page\" title=\"Page 1\">\n<div class=\"layoutArea\">\n<div class=\"page\" title=\"Page 1\">\n<div class=\"layoutArea\">\n<div class=\"page\" title=\"Page 1\">\n<div class=\"layoutArea\">\n<div class=\"column\">\n<div class=\"page\" title=\"Page 1\">\n<div class=\"layoutArea\">\n<div class=\"column\">\n<div class=\"page\" title=\"Page 1\">\n<div class=\"layoutArea\">\n<div class=\"column\">\n<p>De 9h \u00e0 16h avec un repas tir\u00e9 du sac.<\/p>\n<ul>\n<li>Stage \u00e9questre journ\u00e9e : 60\u20ac<\/li>\n<li>Stage \u00e9quin demi-journ\u00e9e : 30\u20ac<\/li>\n<\/ul>\n<h4><span style=\"text-decoration: underline;\"><strong>LES DATES DES STAGES \u00c9QUESTRES :<\/strong><\/span><\/h4>\n<ul>\n<li><span style=\"font-weight: 600;\"><u>Retrouvez le planning de nos stages et activit\u00e9s directement sur <a href=\"http:\/\/haras-du-mille.cavasoft.fr\">CAVASOFT<\/a><\/u><\/span><\/li>\n<\/ul>\n<\/div>\n<\/div>\n<\/div>\n<\/div>\n<\/div>\n<\/div>\n<\/div>\n<\/div>\n<\/div>\n<\/div>\n<\/div>\n<\/div>\n<\/div>\n<\/div>\n<\/div>\n<\/div>\n<\/div>\n<\/div>\n<\/div>\n<\/div>\n<\/div>\n<\/div>\n<\/div>\n<\/div>\n<\/div>\n<\/div>\n<\/div>\n<\/div>\n<\/div>\n<\/div>\n<\/div>\n<p>Pour toute r\u00e9servation ou pour tout renseignement au sujet des stages \u00e9questres ou des activit\u00e9s \u00e0 cheval ou poney vous pouvez nous contacter au : 06 83 84 05 76 &#8211;\u00a0<a href=\"mailto:contact@harasdumille.com\">contact@harasdumille.com<\/a><\/p>\n<\/div>\n<\/div>\n<\/div>\n<\/div>\n<\/div>\n<\/div>\n<\/div>\n\n\n<div class=\"wp-block-columns\">\n<div class=\"wp-block-column\">\n<figure class=\"wp-block-image size-large\"><img loading=\"lazy\" width=\"1024\" height=\"683\" src=\"http:\/\/harasdumille.com\/wp-content\/uploads\/2018\/09\/IMGN0114-1024x683.jpg\" alt=\"stage \u00e9questre\" class=\"wp-image-298\"\/><\/figure>\n<\/div>\n\n\n\n<div class=\"wp-block-column\">\n<figure class=\"wp-block-image size-full\"><img loading=\"lazy\" width=\"400\" height=\"266\" src=\"http:\/\/harasdumille.com\/wp-content\/uploads\/2019\/04\/equipe_concours_NB-e1554886970781.jpg\" alt=\"stage \u00e9questre\" class=\"wp-image-350\"\/><\/figure>\n<\/div>\n\n\n\n<div class=\"wp-block-column\">\n<figure class=\"wp-block-image size-full\"><img loading=\"lazy\" width=\"400\" height=\"267\" src=\"http:\/\/harasdumille.com\/wp-content\/uploads\/2018\/09\/t\u00e9l\u00e9chargement_jdc-e1536837363120.jpeg\" alt=\"stage \u00e9questre\" class=\"wp-image-261\"\/><\/figure>\n<\/div>\n<\/div>\n\n\n\n<p><\/p>\n","protected":false},"excerpt":{"rendered":"<p>PROGRAMME DES STAGES \u00c9QUESTRES dans votre club d&rsquo;\u00e9quitation Haras du Mille Le centre \u00e9questre Haras du Mille vous proposer des stages \u00e9questres tout au long de l&rsquo;ann\u00e9e, pendant les vacances scolaires. Pour toutes informations compl\u00e9mentaires ou inscriptions vous pouvez contacter Haras du Mille : 06 83 84 05 76 &#8211;\u00a0contact@harasdumille.com<a href=\"https:\/\/harasdumille.com\/index.php\/stages-equestres-ecole-equitation\/\" class=\"read-more\">Read More<\/a><\/p>\n","protected":false},"author":1,"featured_media":272,"parent":0,"menu_order":0,"comment_status":"closed","ping_status":"closed","template":"","meta":[],"yoast_head":"<!-- This site is optimized with the Yoast SEO plugin v17.0 - https:\/\/yoast.com\/wordpress\/plugins\/seo\/ -->\n<title>Stages \u00e9questres - Haras du Mille Centre \u00e9questre<\/title>\n<meta name=\"description\" content=\"Retrouvez les dates de vos stages \u00e9questres dans votre club d&#039;\u00e9quitation Haras du Mille \u00e0 c\u00f4t\u00e9 de Strasbourg.\" \/>\n<meta name=\"robots\" content=\"index, follow, max-snippet:-1, max-image-preview:large, max-video-preview:-1\" \/>\n<link rel=\"canonical\" href=\"http:\/\/harasdumille.com\/index.php\/stages-equestres-ecole-equitation\/\" \/>\n<meta property=\"og:locale\" content=\"fr_FR\" \/>\n<meta property=\"og:type\" content=\"article\" \/>\n<meta property=\"og:title\" content=\"Stages \u00e9questres - Haras du Mille Centre \u00e9questre\" \/>\n<meta property=\"og:description\" content=\"Retrouvez les dates de vos stages \u00e9questres dans votre club d&#039;\u00e9quitation Haras du Mille \u00e0 c\u00f4t\u00e9 de Strasbourg.\" \/>\n<meta property=\"og:url\" content=\"http:\/\/harasdumille.com\/index.php\/stages-equestres-ecole-equitation\/\" \/>\n<meta property=\"og:site_name\" content=\"Haras du Mille Centre \u00e9questre\" \/>\n<meta property=\"article:modified_time\" content=\"2024-09-11T13:29:06+00:00\" \/>\n<meta property=\"og:image\" content=\"http:\/\/harasdumille.com\/wp-content\/uploads\/2018\/09\/IMG_1890-1-e1554888324669.jpg\" \/>\n\t<meta property=\"og:image:width\" content=\"2300\" \/>\n\t<meta property=\"og:image:height\" content=\"701\" \/>\n<meta name=\"twitter:card\" content=\"summary_large_image\" \/>\n<meta name=\"twitter:label1\" content=\"Dur\u00e9e de lecture est.\" \/>\n\t<meta name=\"twitter:data1\" content=\"2 minutes\" \/>\n<script type=\"application\/ld+json\" class=\"yoast-schema-graph\">{\"@context\":\"https:\/\/schema.org\",\"@graph\":[{\"@type\":\"WebSite\",\"@id\":\"http:\/\/harasdumille.com\/#website\",\"url\":\"http:\/\/harasdumille.com\/\",\"name\":\"Haras du Mille Centre \\u00e9questre\",\"description\":\"\",\"potentialAction\":[{\"@type\":\"SearchAction\",\"target\":{\"@type\":\"EntryPoint\",\"urlTemplate\":\"http:\/\/harasdumille.com\/?s={search_term_string}\"},\"query-input\":\"required name=search_term_string\"}],\"inLanguage\":\"fr-FR\"},{\"@type\":\"ImageObject\",\"@id\":\"http:\/\/harasdumille.com\/index.php\/stages-equestres-ecole-equitation\/#primaryimage\",\"inLanguage\":\"fr-FR\",\"url\":\"https:\/\/harasdumille.com\/wp-content\/uploads\/2018\/09\/IMG_1890-1-e1554888324669.jpg\",\"contentUrl\":\"https:\/\/harasdumille.com\/wp-content\/uploads\/2018\/09\/IMG_1890-1-e1554888324669.jpg\",\"width\":2300,\"height\":701},{\"@type\":\"WebPage\",\"@id\":\"http:\/\/harasdumille.com\/index.php\/stages-equestres-ecole-equitation\/#webpage\",\"url\":\"http:\/\/harasdumille.com\/index.php\/stages-equestres-ecole-equitation\/\",\"name\":\"Stages \\u00e9questres - Haras du Mille Centre \\u00e9questre\",\"isPartOf\":{\"@id\":\"http:\/\/harasdumille.com\/#website\"},\"primaryImageOfPage\":{\"@id\":\"http:\/\/harasdumille.com\/index.php\/stages-equestres-ecole-equitation\/#primaryimage\"},\"datePublished\":\"2018-09-05T13:15:12+00:00\",\"dateModified\":\"2024-09-11T13:29:06+00:00\",\"description\":\"Retrouvez les dates de vos stages \\u00e9questres dans votre club d'\\u00e9quitation Haras du Mille \\u00e0 c\\u00f4t\\u00e9 de Strasbourg.\",\"breadcrumb\":{\"@id\":\"http:\/\/harasdumille.com\/index.php\/stages-equestres-ecole-equitation\/#breadcrumb\"},\"inLanguage\":\"fr-FR\",\"potentialAction\":[{\"@type\":\"ReadAction\",\"target\":[\"http:\/\/harasdumille.com\/index.php\/stages-equestres-ecole-equitation\/\"]}]},{\"@type\":\"BreadcrumbList\",\"@id\":\"http:\/\/harasdumille.com\/index.php\/stages-equestres-ecole-equitation\/#breadcrumb\",\"itemListElement\":[{\"@type\":\"ListItem\",\"position\":1,\"name\":\"Accueil\",\"item\":\"http:\/\/harasdumille.com\/\"},{\"@type\":\"ListItem\",\"position\":2,\"name\":\"Stages \\u00e9questres\"}]}]}<\/script>\n<!-- \/ Yoast SEO plugin. -->","yoast_head_json":{"title":"Stages \u00e9questres - Haras du Mille Centre \u00e9questre","description":"Retrouvez les dates de vos stages \u00e9questres dans votre club d'\u00e9quitation Haras du Mille \u00e0 c\u00f4t\u00e9 de Strasbourg.","robots":{"index":"index","follow":"follow","max-snippet":"max-snippet:-1","max-image-preview":"max-image-preview:large","max-video-preview":"max-video-preview:-1"},"canonical":"http:\/\/harasdumille.com\/index.php\/stages-equestres-ecole-equitation\/","og_locale":"fr_FR","og_type":"article","og_title":"Stages \u00e9questres - Haras du Mille Centre \u00e9questre","og_description":"Retrouvez les dates de vos stages \u00e9questres dans votre club d'\u00e9quitation Haras du Mille \u00e0 c\u00f4t\u00e9 de Strasbourg.","og_url":"http:\/\/harasdumille.com\/index.php\/stages-equestres-ecole-equitation\/","og_site_name":"Haras du Mille Centre \u00e9questre","article_modified_time":"2024-09-11T13:29:06+00:00","og_image":[{"width":2300,"height":701,"url":"http:\/\/harasdumille.com\/wp-content\/uploads\/2018\/09\/IMG_1890-1-e1554888324669.jpg","path":"\/home\/harasdum\/www\/wp-content\/uploads\/2018\/09\/IMG_1890-1-e1554888324669.jpg","size":"full","id":272,"alt":"","pixels":1612300,"type":"image\/jpeg"}],"twitter_card":"summary_large_image","twitter_misc":{"Dur\u00e9e de lecture est.":"2 minutes"},"schema":{"@context":"https:\/\/schema.org","@graph":[{"@type":"WebSite","@id":"http:\/\/harasdumille.com\/#website","url":"http:\/\/harasdumille.com\/","name":"Haras du Mille Centre \u00e9questre","description":"","potentialAction":[{"@type":"SearchAction","target":{"@type":"EntryPoint","urlTemplate":"http:\/\/harasdumille.com\/?s={search_term_string}"},"query-input":"required name=search_term_string"}],"inLanguage":"fr-FR"},{"@type":"ImageObject","@id":"http:\/\/harasdumille.com\/index.php\/stages-equestres-ecole-equitation\/#primaryimage","inLanguage":"fr-FR","url":"https:\/\/harasdumille.com\/wp-content\/uploads\/2018\/09\/IMG_1890-1-e1554888324669.jpg","contentUrl":"https:\/\/harasdumille.com\/wp-content\/uploads\/2018\/09\/IMG_1890-1-e1554888324669.jpg","width":2300,"height":701},{"@type":"WebPage","@id":"http:\/\/harasdumille.com\/index.php\/stages-equestres-ecole-equitation\/#webpage","url":"http:\/\/harasdumille.com\/index.php\/stages-equestres-ecole-equitation\/","name":"Stages \u00e9questres - Haras du Mille Centre \u00e9questre","isPartOf":{"@id":"http:\/\/harasdumille.com\/#website"},"primaryImageOfPage":{"@id":"http:\/\/harasdumille.com\/index.php\/stages-equestres-ecole-equitation\/#primaryimage"},"datePublished":"2018-09-05T13:15:12+00:00","dateModified":"2024-09-11T13:29:06+00:00","description":"Retrouvez les dates de vos stages \u00e9questres dans votre club d'\u00e9quitation Haras du Mille \u00e0 c\u00f4t\u00e9 de Strasbourg.","breadcrumb":{"@id":"http:\/\/harasdumille.com\/index.php\/stages-equestres-ecole-equitation\/#breadcrumb"},"inLanguage":"fr-FR","potentialAction":[{"@type":"ReadAction","target":["http:\/\/harasdumille.com\/index.php\/stages-equestres-ecole-equitation\/"]}]},{"@type":"BreadcrumbList","@id":"http:\/\/harasdumille.com\/index.php\/stages-equestres-ecole-equitation\/#breadcrumb","itemListElement":[{"@type":"ListItem","position":1,"name":"Accueil","item":"http:\/\/harasdumille.com\/"},{"@type":"ListItem","position":2,"name":"Stages \u00e9questres"}]}]}},"_links":{"self":[{"href":"https:\/\/harasdumille.com\/index.php\/wp-json\/wp\/v2\/pages\/122"}],"collection":[{"href":"https:\/\/harasdumille.com\/index.php\/wp-json\/wp\/v2\/pages"}],"about":[{"href":"https:\/\/harasdumille.com\/index.php\/wp-json\/wp\/v2\/types\/page"}],"author":[{"embeddable":true,"href":"https:\/\/harasdumille.com\/index.php\/wp-json\/wp\/v2\/users\/1"}],"replies":[{"embeddable":true,"href":"https:\/\/harasdumille.com\/index.php\/wp-json\/wp\/v2\/comments?post=122"}],"version-history":[{"count":23,"href":"https:\/\/harasdumille.com\/index.php\/wp-json\/wp\/v2\/pages\/122\/revisions"}],"predecessor-version":[{"id":785,"href":"https:\/\/harasdumille.com\/index.php\/wp-json\/wp\/v2\/pages\/122\/revisions\/785"}],"wp:featuredmedia":[{"embeddable":true,"href":"https:\/\/harasdumille.com\/index.php\/wp-json\/wp\/v2\/media\/272"}],"wp:attachment":[{"href":"https:\/\/harasdumille.com\/index.php\/wp-json\/wp\/v2\/media?parent=122"}],"curies":[{"name":"wp","href":"https:\/\/api.w.org\/{rel}","templated":true}]}}

Stages équestres

<div class="page" title="Page 1">
<div class="layoutArea">
<h2 class="column">PROGRAMME DES STAGES ÉQUESTRES dans votre club d&rsquo;équitation Haras du Mille</h2>
<p>Le centre équestre Haras du Mille vous proposer des stages équestres tout au long de l&rsquo;année, pendant les vacances scolaires.</p>
<p>Pour toutes informations complémentaires ou inscriptions vous pouvez contacter Haras du Mille :</p>
<p>06 83 84 05 76 &#8211; <a href="mailto:contact@harasdumille.com">contact@harasdumille.com</a></p>
<h3><strong>PROGRAMME DES ACTIVITÉS ET des STAGES ÉQUESTRES 2022</strong> dans votre centre équestre Haras du Mille à Pfaffenhoffen :</h3>
<div class="page" title="Page 1">
<div class="layoutArea">
<div class="column">
<div class="layoutArea">
<div class="column">
<div class="page" title="Page 1">
<div class="layoutArea">
<div class="page" title="Page 1">
<div class="layoutArea">
<div class="page" title="Page 1">
<div class="layoutArea">
<div class="column">
<ul>
<li><span style="font-weight: 600;"><u>Retrouvez le planning de nos stages et activités directement sur <a href="http://haras-du-mille.cavasoft.fr">CAVASOFT</a></u></span></li>
</ul>
<div class="page" title="Page 1">
<div class="layoutArea">
<div class="column">
<div class="page" title="Page 1">
<div class="layoutArea">
<div class="column">
<h3><span style="font-size: revert; color: initial;">Stages équestres cet été dans votre club d&rsquo;équitation à Pfaffenhoffen, accessibles à partir de 5 ans. </span></h3>
<div class="page" title="Page 1">
<div class="layoutArea">
<div class="column">
<div class="layoutArea">
<div class="column">
<div class="page" title="Page 1">
<div class="layoutArea">
<div class="page" title="Page 1">
<div class="layoutArea">
<div class="page" title="Page 1">
<div class="layoutArea">
<div class="column">
<div class="page" title="Page 1">
<div class="layoutArea">
<div class="column">
<div class="page" title="Page 1">
<div class="layoutArea">
<div class="column">
<p>De 9h à 16h avec un repas tiré du sac.</p>
<ul>
<li>Stage équestre journée : 60€</li>
<li>Stage équin demi-journée : 30€</li>
</ul>
<h4><span style="text-decoration: underline;"><strong>LES DATES DES STAGES ÉQUESTRES :</strong></span></h4>
<ul>
<li><span style="font-weight: 600;"><u>Retrouvez le planning de nos stages et activités directement sur <a href="http://haras-du-mille.cavasoft.fr">CAVASOFT</a></u></span></li>
</ul>
</div>
</div>
</div>
</div>
</div>
</div>
</div>
</div>
</div>
</div>
</div>
</div>
</div>
</div>
</div>
</div>
</div>
</div>
</div>
</div>
</div>
</div>
</div>
</div>
</div>
</div>
</div>
</div>
</div>
</div>
</div>
<p>Pour toute réservation ou pour tout renseignement au sujet des stages équestres ou des activités à cheval ou poney vous pouvez nous contacter au : 06 83 84 05 76 &#8211; <a href="mailto:contact@harasdumille.com">contact@harasdumille.com</a></p>
</div>
</div>
</div>
</div>
</div>
</div>
</div>


<div class="wp-block-columns">
<div class="wp-block-column">
<figure class="wp-block-image size-large"><img loading="lazy" width="1024" height="683" src="http://harasdumille.com/wp-content/uploads/2018/09/IMGN0114-1024x683.jpg" alt="stage équestre" class="wp-image-298"/></figure>
</div>



<div class="wp-block-column">
<figure class="wp-block-image size-full"><img loading="lazy" width="400" height="266" src="http://harasdumille.com/wp-content/uploads/2019/04/equipe_concours_NB-e1554886970781.jpg" alt="stage équestre" class="wp-image-350"/></figure>
</div>



<div class="wp-block-column">
<figure class="wp-block-image size-full"><img loading="lazy" width="400" height="267" src="http://harasdumille.com/wp-content/uploads/2018/09/téléchargement_jdc-e1536837363120.jpeg" alt="stage équestre" class="wp-image-261"/></figure>
</div>
</div>



<p></p>

<p>PROGRAMME DES STAGES ÉQUESTRES dans votre club d&rsquo;équitation Haras du Mille Le centre équestre Haras du Mille vous proposer des stages équestres tout au long de l&rsquo;année, pendant les vacances scolaires. Pour toutes informations complémentaires ou inscriptions vous pouvez contacter Haras du Mille : 06 83 84 05 76 &#8211; contact@harasdumille.com<a href="https://harasdumille.com/index.php/stages-equestres-ecole-equitation/" class="read-more">Read More</a></p>

<!-- This site is optimized with the Yoast SEO plugin v17.0 - https://yoast.com/wordpress/plugins/seo/ -->
<title>Stages équestres - Haras du Mille Centre équestre</title>
<meta name="description" content="Retrouvez les dates de vos stages équestres dans votre club d&#039;équitation Haras du Mille à côté de Strasbourg." />
<meta name="robots" content="index, follow, max-snippet:-1, max-image-preview:large, max-video-preview:-1" />
<link rel="canonical" href="http://harasdumille.com/index.php/stages-equestres-ecole-equitation/" />
<meta property="og:locale" content="fr_FR" />
<meta property="og:type" content="article" />
<meta property="og:title" content="Stages équestres - Haras du Mille Centre équestre" />
<meta property="og:description" content="Retrouvez les dates de vos stages équestres dans votre club d&#039;équitation Haras du Mille à côté de Strasbourg." />
<meta property="og:url" content="http://harasdumille.com/index.php/stages-equestres-ecole-equitation/" />
<meta property="og:site_name" content="Haras du Mille Centre équestre" />
<meta property="article:modified_time" content="2024-09-11T13:29:06+00:00" />
<meta property="og:image" content="http://harasdumille.com/wp-content/uploads/2018/09/IMG_1890-1-e1554888324669.jpg" />
	<meta property="og:image:width" content="2300" />
	<meta property="og:image:height" content="701" />
<meta name="twitter:card" content="summary_large_image" />
<meta name="twitter:label1" content="Durée de lecture est." />
	<meta name="twitter:data1" content="2 minutes" />
<script type="application/ld+json" class="yoast-schema-graph">{"@context":"https://schema.org","@graph":[{"@type":"WebSite","@id":"http://harasdumille.com/#website","url":"http://harasdumille.com/","name":"Haras du Mille Centre \u00e9questre","description":"","potentialAction":[{"@type":"SearchAction","target":{"@type":"EntryPoint","urlTemplate":"http://harasdumille.com/?s={search_term_string}"},"query-input":"required name=search_term_string"}],"inLanguage":"fr-FR"},{"@type":"ImageObject","@id":"http://harasdumille.com/index.php/stages-equestres-ecole-equitation/#primaryimage","inLanguage":"fr-FR","url":"https://harasdumille.com/wp-content/uploads/2018/09/IMG_1890-1-e1554888324669.jpg","contentUrl":"https://harasdumille.com/wp-content/uploads/2018/09/IMG_1890-1-e1554888324669.jpg","width":2300,"height":701},{"@type":"WebPage","@id":"http://harasdumille.com/index.php/stages-equestres-ecole-equitation/#webpage","url":"http://harasdumille.com/index.php/stages-equestres-ecole-equitation/","name":"Stages \u00e9questres - Haras du Mille Centre \u00e9questre","isPartOf":{"@id":"http://harasdumille.com/#website"},"primaryImageOfPage":{"@id":"http://harasdumille.com/index.php/stages-equestres-ecole-equitation/#primaryimage"},"datePublished":"2018-09-05T13:15:12+00:00","dateModified":"2024-09-11T13:29:06+00:00","description":"Retrouvez les dates de vos stages \u00e9questres dans votre club d'\u00e9quitation Haras du Mille \u00e0 c\u00f4t\u00e9 de Strasbourg.","breadcrumb":{"@id":"http://harasdumille.com/index.php/stages-equestres-ecole-equitation/#breadcrumb"},"inLanguage":"fr-FR","potentialAction":[{"@type":"ReadAction","target":["http://harasdumille.com/index.php/stages-equestres-ecole-equitation/"]}]},{"@type":"BreadcrumbList","@id":"http://harasdumille.com/index.php/stages-equestres-ecole-equitation/#breadcrumb","itemListElement":[{"@type":"ListItem","position":1,"name":"Accueil","item":"http://harasdumille.com/"},{"@type":"ListItem","position":2,"name":"Stages \u00e9questres"}]}]}</script>
<!-- / Yoast SEO plugin. -->

Stages équestres - Haras du Mille Centre équestre

Retrouvez les dates de vos stages équestres dans votre club d'équitation Haras du Mille à côté de Strasbourg.

Haras du Mille Centre équestre
