{"id":124,"date":"2018-09-05T15:15:12","date_gmt":"2018-09-05T13:15:12","guid":{"rendered":"http:\/\/harasdumille.com\/harasdumille.com\/WP\/?page_id=124"},"modified":"2025-08-20T09:54:09","modified_gmt":"2025-08-20T07:54:09","slug":"inscriptions","status":"publish","type":"page","link":"https:\/\/harasdumille.com\/index.php\/inscriptions\/","title":{"rendered":"Cours d&rsquo;\u00e9quitation tout niveau pour enfants"},"content":{"rendered":"\n<h2>Une \u00e9cole d&rsquo;\u00e9quitation affili\u00e9e et labellis\u00e9e par la FFE<\/h2>\n\n\n\n<div class=\"wp-block-image\"><figure class=\"alignleft\"><img loading=\"lazy\" width=\"300\" height=\"167\" src=\"http:\/\/harasdumille.com\/harasdumille.com\/WP\/wp-content\/uploads\/2018\/09\/Les-Galops-R_billboard-300x167.jpg\" alt=\"\" class=\"wp-image-197\" srcset=\"https:\/\/harasdumille.com\/wp-content\/uploads\/2018\/09\/Les-Galops-R_billboard-300x167.jpg 300w, https:\/\/harasdumille.com\/wp-content\/uploads\/2018\/09\/Les-Galops-R_billboard.jpg 625w\" sizes=\"(max-width: 300px) 100vw, 300px\" \/><\/figure><\/div>\n\n\n\n<p>Affili\u00e9 et labellis\u00e9 par la f\u00e9d\u00e9ration fran\u00e7aise d&rsquo;\u00e9quitation, notre programme de progression s&rsquo;articule autour du programme des galops. Cela permet au cavaliers grands comme petits de connaitre les connaissances qu&rsquo;il doivent acqu\u00e9rir pour progresser. Cela le permet \u00e9galement d&rsquo;avoir un objectif de progression et ainsi s&rsquo;am\u00e9liorer efficacement.<\/p>\n\n\n\n<p>Le Haras du Mille propose tout au long de l&rsquo;ann\u00e9e des stages de pr\u00e9paration et de passage des galops du 1 au 7.<\/p>\n\n\n\n<p>Pour les plus petits et \u00e0 partir de 2016 sont mis en place les Galops Poneys permettant au plus jeunes d&rsquo;acqu\u00e9rir des connaissances en adequation avec leur \u00e2ge.<\/p>\n\n\n\n<h2>Le Haras du Mille accueille vos enfants d\u00e8s l&rsquo;\u00e2ge de 3 ans<\/h2>\n\n\n\n<h3>BABY-PONEY<\/h3>\n\n\n\n<div class=\"wp-block-image\"><figure class=\"alignright\"><img loading=\"lazy\" width=\"300\" height=\"201\" src=\"http:\/\/harasdumille.com\/harasdumille.com\/WP\/wp-content\/uploads\/2018\/09\/Les-Galops-R-Poneys_billboard-300x201.jpg\" alt=\"\" class=\"wp-image-198\" srcset=\"https:\/\/harasdumille.com\/wp-content\/uploads\/2018\/09\/Les-Galops-R-Poneys_billboard-300x201.jpg 300w, https:\/\/harasdumille.com\/wp-content\/uploads\/2018\/09\/Les-Galops-R-Poneys_billboard.jpg 625w\" sizes=\"(max-width: 300px) 100vw, 300px\" \/><\/figure><\/div>\n\n\n\n<p>Entre 3 et 6 ans, les enfants voient souvent les poneys comme de grandes peluches. Les cours de baby-poney sont l&rsquo;occasion pour eux d&rsquo;approcher les poneys, de prendre les premiers contacts avec &nbsp;eux et de se hisser sur leur dos. Chez l&rsquo;enfant, la pratique de cet \u00e9veil \u00e0 poney &nbsp;permet de l&rsquo;aider dans &nbsp;son d\u00e9veloppement sensoriel et psychomoteur, et \u00e9galement dans &nbsp;l&rsquo;apprentissage de la coordination de &nbsp;ses mouvements : contr\u00f4ler son poney est tout un art ! Et &nbsp;ce contr\u00f4le que les&nbsp;enfants ont peu \u00e0 peu sur &nbsp;leur poney d\u00e9veloppe leur confiance en eux.<\/p>\n\n\n\n<h2>&nbsp;<\/h2>\n\n\n\n<h2>En bref, le poney : c&rsquo;est tout b\u00e9nef&rsquo; !<\/h2>\n\n\n\n<h3>COMMENT SE PASSE LES SEANCES DE BABY PONEY au Haras du Mille ?&nbsp;<img loading=\"lazy\" class=\"wp-image-196 alignleft\" src=\"http:\/\/harasdumille.com\/harasdumille.com\/WP\/wp-content\/uploads\/2018\/09\/Baby-200x300.png\" alt=\"\" width=\"156\" height=\"234\" srcset=\"https:\/\/harasdumille.com\/wp-content\/uploads\/2018\/09\/Baby-200x300.png 200w, https:\/\/harasdumille.com\/wp-content\/uploads\/2018\/09\/Baby.png 500w\" sizes=\"(max-width: 156px) 100vw, 156px\" \/><\/h3>\n\n\n\n<p>Les s\u00e9ances de baby-poney sont des s\u00e9ances d&rsquo;une heure, pendant lesquelles l&rsquo;enfant monte 30 min. Les 30 autres minutes sont consacr\u00e9es \u00e0 la pr\u00e9paration et aux soins de son poney : le brosser, le toucher, lui faire des caresses&#8230; Autant de choses qui nous semblent tout aussi importantes que le fait de monter !<\/p>\n\n\n\n<p>Une fois \u00e0 poney, nous proposons \u00e0 vos enfants diff\u00e9rents jeux et exercices, toujours dans un esprit ludique, afin de jouer avec leur poney et de d\u00e9couvrir leur \u00e9quilibre. Au cours de ces s\u00e9ances : la pr\u00e9sence d&rsquo;un accompagnateur pour chaque enfant est obligatoire, dans le but de rassurer l&rsquo;enfant et de l&rsquo;accompagner dans ses premiers apprentissages.<\/p>\n\n\n\n<h3>&nbsp;<\/h3>\n\n\n\n<h3>QUELLE TENUE ?<\/h3>\n\n\n\n<p>Afin de profiter pleinement de sa s\u00e9ance, votre enfant doit \u00eatre \u00e9quip\u00e9 :<\/p>\n\n\n\n<ul><li>d&rsquo;un pantalon souple<\/li><li>d&rsquo;une paire de bottes ou de boots (\u00e9viter les baskets)<\/li><li>d&rsquo;une bombe (obligatoire) pour les premi\u00e8res s\u00e9ances, le club met \u00e0 disposition des bombes<\/li><\/ul>\n\n\n\n<p>Venez d\u00e9couvrir le Haras du Mille et les s\u00e9ances Baby Poney sur place. Pour plus d&rsquo;informations vous pouvez nous contacter par <a href=\"http:\/\/harasdumille.com\/harasdumille.com\/WP\/index.php\/contact\/\">t\u00e9l\u00e9phone<\/a> ou par <a href=\"http:\/\/harasdumille.com\/harasdumille.com\/WP\/index.php\/contact\/\">mail<\/a>.<\/p>\n\n\n\n<h3>LE PLANNING<\/h3>\n\n\n\n<figure class=\"wp-block-image size-large\"><img loading=\"lazy\" width=\"1024\" height=\"724\" src=\"https:\/\/harasdumille.com\/wp-content\/uploads\/2025\/08\/PROJET-planning-cours-2025-2026-1-1-1024x724.jpg\" alt=\"\" class=\"wp-image-814\" srcset=\"https:\/\/harasdumille.com\/wp-content\/uploads\/2025\/08\/PROJET-planning-cours-2025-2026-1-1-1024x724.jpg 1024w, https:\/\/harasdumille.com\/wp-content\/uploads\/2025\/08\/PROJET-planning-cours-2025-2026-1-1-300x212.jpg 300w, https:\/\/harasdumille.com\/wp-content\/uploads\/2025\/08\/PROJET-planning-cours-2025-2026-1-1-768x543.jpg 768w, https:\/\/harasdumille.com\/wp-content\/uploads\/2025\/08\/PROJET-planning-cours-2025-2026-1-1-1536x1086.jpg 1536w, https:\/\/harasdumille.com\/wp-content\/uploads\/2025\/08\/PROJET-planning-cours-2025-2026-1-1-2048x1448.jpg 2048w\" sizes=\"(max-width: 1024px) 100vw, 1024px\" \/><\/figure>\n\n\n\n<h2>LES TARIFS<\/h2>\n\n\n\n<figure class=\"wp-block-image size-large\"><img loading=\"lazy\" width=\"1024\" height=\"613\" src=\"http:\/\/harasdumille.com\/wp-content\/uploads\/2025\/08\/tarifs-2025-2026-1024x613.jpg\" alt=\"\" class=\"wp-image-809\" srcset=\"https:\/\/harasdumille.com\/wp-content\/uploads\/2025\/08\/tarifs-2025-2026-1024x613.jpg 1024w, https:\/\/harasdumille.com\/wp-content\/uploads\/2025\/08\/tarifs-2025-2026-300x180.jpg 300w, https:\/\/harasdumille.com\/wp-content\/uploads\/2025\/08\/tarifs-2025-2026-768x460.jpg 768w, https:\/\/harasdumille.com\/wp-content\/uploads\/2025\/08\/tarifs-2025-2026.jpg 1212w\" sizes=\"(max-width: 1024px) 100vw, 1024px\" \/><\/figure>\n\n\n\n<p class=\"has-text-align-center\">Avec ou sans engagement, r\u00e9gulier ou occasionnel, toutes les formules sont possibles au Haras du Mille.<\/p>\n\n\n\n<p class=\"has-text-align-center\">A noter que nos <span class=\"has-inline-color has-vivid-red-color\"><strong>forfaits comprennent les vacances scolaires ( sauf semaine de no\u00ebl et vacances d&rsquo;\u00e9t\u00e9) contrairement aux autres clubs<\/strong>,<\/span> une information importante pour comparer les tarifs. Il y a \u00e9galement possibilit\u00e9 de rattraper 5 cours dans l&rsquo;ann\u00e9e<\/p>\n","protected":false},"excerpt":{"rendered":"<p>Une \u00e9cole d&rsquo;\u00e9quitation affili\u00e9e et labellis\u00e9e par la FFE Affili\u00e9 et labellis\u00e9 par la f\u00e9d\u00e9ration fran\u00e7aise d&rsquo;\u00e9quitation, notre programme de progression s&rsquo;articule autour du programme des galops. Cela permet au cavaliers grands comme petits de connaitre les connaissances qu&rsquo;il doivent acqu\u00e9rir pour progresser. Cela le permet \u00e9galement d&rsquo;avoir un objectif<a href=\"https:\/\/harasdumille.com\/index.php\/inscriptions\/\" class=\"read-more\">Read More<\/a><\/p>\n","protected":false},"author":1,"featured_media":125,"parent":0,"menu_order":0,"comment_status":"closed","ping_status":"closed","template":"","meta":[],"yoast_head":"<!-- This site is optimized with the Yoast SEO plugin v17.0 - https:\/\/yoast.com\/wordpress\/plugins\/seo\/ -->\n<title>Cours d&#039;\u00e9quitation tout niveau pour enfants - Haras du Mille Centre \u00e9questre<\/title>\n<meta name=\"robots\" content=\"index, follow, max-snippet:-1, max-image-preview:large, max-video-preview:-1\" \/>\n<link rel=\"canonical\" href=\"https:\/\/harasdumille.com\/index.php\/inscriptions\/\" \/>\n<meta property=\"og:locale\" content=\"fr_FR\" \/>\n<meta property=\"og:type\" content=\"article\" \/>\n<meta property=\"og:title\" content=\"Cours d&#039;\u00e9quitation tout niveau pour enfants - Haras du Mille Centre \u00e9questre\" \/>\n<meta property=\"og:description\" content=\"Une \u00e9cole d&rsquo;\u00e9quitation affili\u00e9e et labellis\u00e9e par la FFE Affili\u00e9 et labellis\u00e9 par la f\u00e9d\u00e9ration fran\u00e7aise d&rsquo;\u00e9quitation, notre programme de progression s&rsquo;articule autour du programme des galops. Cela permet au cavaliers grands comme petits de connaitre les connaissances qu&rsquo;il doivent acqu\u00e9rir pour progresser. Cela le permet \u00e9galement d&rsquo;avoir un objectifRead More\" \/>\n<meta property=\"og:url\" content=\"https:\/\/harasdumille.com\/index.php\/inscriptions\/\" \/>\n<meta property=\"og:site_name\" content=\"Haras du Mille Centre \u00e9questre\" \/>\n<meta property=\"article:modified_time\" content=\"2025-08-20T07:54:09+00:00\" \/>\n<meta property=\"og:image\" content=\"http:\/\/harasdumille.com\/wp-content\/uploads\/2018\/08\/CARRIERE-EXTERIEURE-HDM.jpg\" \/>\n\t<meta property=\"og:image:width\" content=\"2048\" \/>\n\t<meta property=\"og:image:height\" content=\"1152\" \/>\n<meta name=\"twitter:card\" content=\"summary_large_image\" \/>\n<meta name=\"twitter:label1\" content=\"Dur\u00e9e de lecture est.\" \/>\n\t<meta name=\"twitter:data1\" content=\"4 minutes\" \/>\n<script type=\"application\/ld+json\" class=\"yoast-schema-graph\">{\"@context\":\"https:\/\/schema.org\",\"@graph\":[{\"@type\":\"WebSite\",\"@id\":\"https:\/\/harasdumille.com\/#website\",\"url\":\"https:\/\/harasdumille.com\/\",\"name\":\"Haras du Mille Centre \\u00e9questre\",\"description\":\"\",\"potentialAction\":[{\"@type\":\"SearchAction\",\"target\":{\"@type\":\"EntryPoint\",\"urlTemplate\":\"https:\/\/harasdumille.com\/?s={search_term_string}\"},\"query-input\":\"required name=search_term_string\"}],\"inLanguage\":\"fr-FR\"},{\"@type\":\"ImageObject\",\"@id\":\"https:\/\/harasdumille.com\/index.php\/inscriptions\/#primaryimage\",\"inLanguage\":\"fr-FR\",\"url\":\"https:\/\/harasdumille.com\/wp-content\/uploads\/2018\/08\/CARRIERE-EXTERIEURE-HDM.jpg\",\"contentUrl\":\"https:\/\/harasdumille.com\/wp-content\/uploads\/2018\/08\/CARRIERE-EXTERIEURE-HDM.jpg\",\"width\":2048,\"height\":1152,\"caption\":\"Centre Equestre Haras du Mille Poney Club\"},{\"@type\":\"WebPage\",\"@id\":\"https:\/\/harasdumille.com\/index.php\/inscriptions\/#webpage\",\"url\":\"https:\/\/harasdumille.com\/index.php\/inscriptions\/\",\"name\":\"Cours d'\\u00e9quitation tout niveau pour enfants - Haras du Mille Centre \\u00e9questre\",\"isPartOf\":{\"@id\":\"https:\/\/harasdumille.com\/#website\"},\"primaryImageOfPage\":{\"@id\":\"https:\/\/harasdumille.com\/index.php\/inscriptions\/#primaryimage\"},\"datePublished\":\"2018-09-05T13:15:12+00:00\",\"dateModified\":\"2025-08-20T07:54:09+00:00\",\"breadcrumb\":{\"@id\":\"https:\/\/harasdumille.com\/index.php\/inscriptions\/#breadcrumb\"},\"inLanguage\":\"fr-FR\",\"potentialAction\":[{\"@type\":\"ReadAction\",\"target\":[\"https:\/\/harasdumille.com\/index.php\/inscriptions\/\"]}]},{\"@type\":\"BreadcrumbList\",\"@id\":\"https:\/\/harasdumille.com\/index.php\/inscriptions\/#breadcrumb\",\"itemListElement\":[{\"@type\":\"ListItem\",\"position\":1,\"name\":\"Accueil\",\"item\":\"https:\/\/harasdumille.com\/\"},{\"@type\":\"ListItem\",\"position\":2,\"name\":\"Cours d&rsquo;\\u00e9quitation tout niveau pour enfants\"}]}]}<\/script>\n<!-- \/ Yoast SEO plugin. -->","yoast_head_json":{"title":"Cours d'\u00e9quitation tout niveau pour enfants - Haras du Mille Centre \u00e9questre","robots":{"index":"index","follow":"follow","max-snippet":"max-snippet:-1","max-image-preview":"max-image-preview:large","max-video-preview":"max-video-preview:-1"},"canonical":"https:\/\/harasdumille.com\/index.php\/inscriptions\/","og_locale":"fr_FR","og_type":"article","og_title":"Cours d'\u00e9quitation tout niveau pour enfants - Haras du Mille Centre \u00e9questre","og_description":"Une \u00e9cole d&rsquo;\u00e9quitation affili\u00e9e et labellis\u00e9e par la FFE Affili\u00e9 et labellis\u00e9 par la f\u00e9d\u00e9ration fran\u00e7aise d&rsquo;\u00e9quitation, notre programme de progression s&rsquo;articule autour du programme des galops. Cela permet au cavaliers grands comme petits de connaitre les connaissances qu&rsquo;il doivent acqu\u00e9rir pour progresser. Cela le permet \u00e9galement d&rsquo;avoir un objectifRead More","og_url":"https:\/\/harasdumille.com\/index.php\/inscriptions\/","og_site_name":"Haras du Mille Centre \u00e9questre","article_modified_time":"2025-08-20T07:54:09+00:00","og_image":[{"width":2048,"height":1152,"url":"http:\/\/harasdumille.com\/wp-content\/uploads\/2018\/08\/CARRIERE-EXTERIEURE-HDM.jpg","path":"\/home\/harasdum\/www\/wp-content\/uploads\/2018\/08\/CARRIERE-EXTERIEURE-HDM.jpg","size":"full","id":125,"alt":"Centre Equestre Haras du Mille Poney Club","pixels":2359296,"type":"image\/jpeg"}],"twitter_card":"summary_large_image","twitter_misc":{"Dur\u00e9e de lecture est.":"4 minutes"},"schema":{"@context":"https:\/\/schema.org","@graph":[{"@type":"WebSite","@id":"https:\/\/harasdumille.com\/#website","url":"https:\/\/harasdumille.com\/","name":"Haras du Mille Centre \u00e9questre","description":"","potentialAction":[{"@type":"SearchAction","target":{"@type":"EntryPoint","urlTemplate":"https:\/\/harasdumille.com\/?s={search_term_string}"},"query-input":"required name=search_term_string"}],"inLanguage":"fr-FR"},{"@type":"ImageObject","@id":"https:\/\/harasdumille.com\/index.php\/inscriptions\/#primaryimage","inLanguage":"fr-FR","url":"https:\/\/harasdumille.com\/wp-content\/uploads\/2018\/08\/CARRIERE-EXTERIEURE-HDM.jpg","contentUrl":"https:\/\/harasdumille.com\/wp-content\/uploads\/2018\/08\/CARRIERE-EXTERIEURE-HDM.jpg","width":2048,"height":1152,"caption":"Centre Equestre Haras du Mille Poney Club"},{"@type":"WebPage","@id":"https:\/\/harasdumille.com\/index.php\/inscriptions\/#webpage","url":"https:\/\/harasdumille.com\/index.php\/inscriptions\/","name":"Cours d'\u00e9quitation tout niveau pour enfants - Haras du Mille Centre \u00e9questre","isPartOf":{"@id":"https:\/\/harasdumille.com\/#website"},"primaryImageOfPage":{"@id":"https:\/\/harasdumille.com\/index.php\/inscriptions\/#primaryimage"},"datePublished":"2018-09-05T13:15:12+00:00","dateModified":"2025-08-20T07:54:09+00:00","breadcrumb":{"@id":"https:\/\/harasdumille.com\/index.php\/inscriptions\/#breadcrumb"},"inLanguage":"fr-FR","potentialAction":[{"@type":"ReadAction","target":["https:\/\/harasdumille.com\/index.php\/inscriptions\/"]}]},{"@type":"BreadcrumbList","@id":"https:\/\/harasdumille.com\/index.php\/inscriptions\/#breadcrumb","itemListElement":[{"@type":"ListItem","position":1,"name":"Accueil","item":"https:\/\/harasdumille.com\/"},{"@type":"ListItem","position":2,"name":"Cours d&rsquo;\u00e9quitation tout niveau pour enfants"}]}]}},"_links":{"self":[{"href":"https:\/\/harasdumille.com\/index.php\/wp-json\/wp\/v2\/pages\/124"}],"collection":[{"href":"https:\/\/harasdumille.com\/index.php\/wp-json\/wp\/v2\/pages"}],"about":[{"href":"https:\/\/harasdumille.com\/index.php\/wp-json\/wp\/v2\/types\/page"}],"author":[{"embeddable":true,"href":"https:\/\/harasdumille.com\/index.php\/wp-json\/wp\/v2\/users\/1"}],"replies":[{"embeddable":true,"href":"https:\/\/harasdumille.com\/index.php\/wp-json\/wp\/v2\/comments?post=124"}],"version-history":[{"count":7,"href":"https:\/\/harasdumille.com\/index.php\/wp-json\/wp\/v2\/pages\/124\/revisions"}],"predecessor-version":[{"id":815,"href":"https:\/\/harasdumille.com\/index.php\/wp-json\/wp\/v2\/pages\/124\/revisions\/815"}],"wp:featuredmedia":[{"embeddable":true,"href":"https:\/\/harasdumille.com\/index.php\/wp-json\/wp\/v2\/media\/125"}],"wp:attachment":[{"href":"https:\/\/harasdumille.com\/index.php\/wp-json\/wp\/v2\/media?parent=124"}],"curies":[{"name":"wp","href":"https:\/\/api.w.org\/{rel}","templated":true}]}}